 3)*2.
79
Suppose 3*c = -5*g - 39, 4*g - 7 = c + 6. List the prime factors of c/(4/(-14) - 208/(-1120)).
2, 5, 13
Let a = 240 + 444. What are the prime factors of a?
2, 3, 19
Let d(k) = 274*k - 4. Let a be d(1). Suppose 3*m = -60 + a. What are the prime factors of m?
2, 5, 7
Let r(y) = 215*y**3 - 10*y**2 + 17*y - 2. List the prime factors of r(2).
2, 107
Let d be -3 - (-4)/4*13. Suppose 4*c + 118 = 5*n - d*n, 0 = -5*c + 4*n - 168. Let j = c + 62. List the prime factors of j.
2, 3, 5
Let j be 4 + (4 - 2 - 237). Let z = 337 + j. List the prime factors of z.
2, 53
Let s be 28/21*(-4 + 1) + 2. List the prime factors of s + (-161)/(-6) + (-4)/(-24).
5
Let y be (-6)/(-4)*(-16)/(-2). Let z(l) be the second derivative of l**4/12 - 11*l**3/6 + 13*l**2/2 - 31*l. List the prime factors of z(y).
5
Let z be -1*(16 + -2)*(-1)/(-2). Let l(i) = -i - 3. What are the prime factors of l(z)?
2
Suppose 828 = 411*c - 405*c. List the prime factors of c.
2, 3, 23
Let t(p) be the third derivative of p**5/4 + 7*p**4/24 + 5*p**3/6 + 5*p**2. List the prime factors of t(-2).
3, 17
Suppose -6*i = -3*i - 357. What are the prime factors of i?
7, 17
Suppose 4*i + 0 = -3*v - 12, 0 = -4*v - 5*i - 15. Suppose 0 = f - v*f - 63. List the prime factors of 2/(-9) - (-1715)/f.
3
Let w be (-3 + 3)/(2/(-1)). Suppose 3*t + t + 20 = w. List the prime factors of (t - -6) + (-86)/(-2).
2, 11
Let o(g) = -g + 178. What are the prime factors of o(-35)?
3, 71
List the prime factors of (-5)/(-10) - (-429)/6.
2, 3
Let b(t) be the second derivative of -11/6*t**3 + 5*t + 0*t**2 + 0. List the prime factors of b(-4).
2, 11
Let v(j) = 2*j**3 + 48*j**2 + 21*j - 16. List the prime factors of v(-22).
2, 3
What are the prime factors of 1/((-11)/95788*-7)?
2, 311
Suppose -29*i = -30*i + 238. What are the prime factors of i?
2, 7, 17
Let i(x) = -x + 10. Let t be i(8). Suppose -3*p - t*h = -14, -3*p + 9 + 9 = 3*h. Let m(g) = 2*g**2 + g - 2. What are the prime factors of m(p)?
2
Let x(g) = 6*g**2 - 2*g - 7*g**2 - g**3 + 3*g - 15. List the prime factors of x(-5).
2, 5
Suppose -d = -3*d - 5*i - 5, 0 = -i - 1. Suppose 0 = m - 5*q - 76 - 6, d = -q. List the prime factors of m.
2, 41
Let t = 3397 + -742. List the prime factors of t.
3, 5, 59
What are the prime factors of (1975/2)/((-1)/(-2))?
5, 79
What are the prime factors of (-4 - -6)*(-5)/(20/(-2912))?
2, 7, 13
Suppose 14 = 4*h - 4*v + v, -4*v - 2 = -2*h. List the prime factors of (-6)/2 - (-115 - h).
3, 13
Let c(o) = 4*o**3 + 4*o**2 - 2*o - 1. Let p be c(2). Let v = p - -52. What are the prime factors of v?
5, 19
Suppose 2*f + f - 5*g - 901 = 0, g = 4*f - 1207. List the prime factors of f.
2, 151
Let d = 43 - 37. Suppose d*v = 11*v - 160. List the prime factors of v.
2
Suppose -t + 3*r = -0*t - 28, 2*t - 4*r = 48. Let v be (-236)/t - 2/8. Let d = v + 33. List the prime factors of d.
2, 3
Let u(k) = 6*k - k + k - k + 1. Let j be u(1). Suppose 2*s = 3*s - j. List the prime factors of s.
2, 3
Let g(t) = -t**3 - 21*t**2 + 20*t + 8. Let z = -3 + -19. List the prime factors of g(z).
2, 13
Let m = 5 - -3. List the prime factors of 3*1 + (m - -76).
3, 29
Let r = -26 - -37. Suppose r*b - 234 - 800 = 0. What are the prime factors of b?
2, 47
Suppose 3*c - 51*c + 240 = 0. List the prime factors of c.
5
Let n(o) = -2*o**2 - o + 35. Let y = -8 - -8. What are the prime factors of n(y)?
5, 7
Suppose -2 = -2*y, 4*a + y + 6 + 17 = 0. List the prime factors of (3/a)/(-1)*(0 - -94).
47
Suppose 10 + 8 = 3*r. List the prime factors of (-24)/(-20)*(603/r - -2).
3, 41
Let y(u) = -2*u**3 - 2*u**2 + u - 2. Let m be y(-2). Suppose -m*w + 75 = w. Suppose -v = 2*v - w. List the prime factors of v.
5
Let g(w) = 84*w**2 - 2*w + 25. List the prime factors of g(4).
1361
What are the prime factors of 8 - 6124*(-13)/52?
3, 19
Suppose -2*j + 60 = -2*z, -j - 5*z = -2*j + 22. Let k be (-8)/j + 27/12. Suppose -l - 13 = -k*l. What are the prime factors of l?
13
Suppose -5*r = 5*l - 3970, -10*r + 5*r + 3938 = -3*l. What are the prime factors of r?
2, 5, 79
Let f(a) = a**3 - 5*a**2 + 3*a - 11. List the prime factors of f(9).
2, 5, 17
Let y(s) = -2*s + 1. Suppose -4*a + a - 3 = 0, 3*p - 4*a = 1. Let n be y(p). Let z = n - 1. List the prime factors of z.
2
Suppose -15*h + 20*h = 20. What are the prime factors of (36/6 - 42)/(h/(-6))?
2, 3
Let j(g) = 872*g + 22. What are the prime factors of j(4)?
2, 3, 5, 13
Let o = 965 + -444. Suppose o = 6*y - 259. List the prime factors of y.
2, 5, 13
Let g(b) = 186*b**2 + 2*b - 2. Suppose 6*x + 0*x - 6 = 0. Let u be g(x). What are the prime factors of u/(-4)*12/(-9)?
2, 31
Suppose 4*a - 15 = -q, -a + 0*a - 2*q = -9. Let v(h) = 2*h - 19*h**2 + a + 86*h**2 - 34*h**2. What are the prime factors of v(-1)?
2, 17
Let z = -18 + 20. Suppose -24 = z*a - 4*a. Suppose 5*x - 23 - a = 0. What are the prime factors of x?
7
Suppose 5*s = -2*w + 5, 0 = -0*s + s + 2*w - 9. Let n = s + 3. Suppose n*r = 3*r - 3*m - 20, 4*m + 34 = 2*r. List the prime factors of r.
11
Let y(j) = -j**3 + 8*j**2 + 11*j - 10. Let p be y(9). Let n be (-6)/(-24) - 330/p. Let d = -27 - n. What are the prime factors of d?
2, 7
Let t = 14 + -86. Let w = t + 122. What are the prime factors of w?
2, 5
Let b = 84 - -5. Let s = b - 48. Let a = s + -27. What are the prime factors of a?
2, 7
What are the prime factors of -1*(-13 + -2)*(-1368)/(-120)?
3, 19
Let r(h) = -11522*h + 4. Let p be r(-1). List the prime factors of p/36 - 2/(-36)*-3.
2, 5
Suppose 3*x = -5*f + 7, 5*f + x + 2 = 11. Let h(t) = -4*t - 5*t - 3 + 3*t**2 - 4*t**f. List the prime factors of h(-6).
3, 5
Suppose -13 + 3 = -m. List the prime factors of (8 - -1)*(-2)/(m/(-25)).
3, 5
Suppose -43 + 49 = -u. Let y(p) = -p**3 - 2*p**2 + 11*p + 19. What are the prime factors of y(u)?
97
Suppose -15 = -17*z + 14*z. Suppose z*s - b = 196, -s + 2*b = b - 40. What are the prime factors of s?
3, 13
Let h = 7926 + -3138. What are the prime factors of h?
2, 3, 7, 19
Let u(v) = 3*v**2 - 2*v + 90 - 2*v**2 + 3. What are the prime factors of u(0)?
3, 31
Suppose -2*v = -0*v. Let m be ((-10)/4)/((-12)/24). Suppose 4*a - 5*x = 0, -29 = -m*a - x - v*x. What are the prime factors of a?
5
Suppose 1413 = 9*c + 288. List the prime factors of c.
5
Let k = 53 + -102. Let u(g) = 10*g**3 - 3*g**2 - 3*g. Let f be u(-2). Let h = k - f. What are the prime factors of h?
37
Suppose 3*h + 12 = -3*c, -c - h = c + 8. Let l(u) be the first derivative of 4*u**3/3 + 3*u**2/2 - 6*u - 150. What are the prime factors of l(c)?
2, 23
Let w = 2616 - 953. List the prime factors of w.
1663
Let c = -5 - -5. Suppose c = -6*a + 2*a + 16. List the prime factors of a.
2
Let u = -2105 - -4203. List the prime factors of u.
2, 1049
Suppose -5*t = 2*t + 7. Let o(l) = -15*l**3 + 2*l + 1. Let c be o(t). Suppose 5*m - c = 91. List the prime factors of m.
3, 7
Suppose -10 = 5*d - 7*d. Let g = d + 16. What are the prime factors of g?
3, 7
Suppose -8*k - 78 = -9*k. Let a = 110 - k. What are the prime factors of a?
2
Let y(u) = 130*u**2 + 17*u - 40. What are the prime factors of y(4)?
2, 17, 31
Let r(i) = i**2 - 15*i + 18. Let h be r(14). Suppose 4*p + h = 100. List the prime factors of p.
2, 3
Suppose o = -4*c - 8, 5*o = 2*c + c + 75. Suppose 17*z - 545 = o*z. What are the prime factors of z?
109
Suppose 3 = 4*v - 5. Suppose -7*s + v*s = -710. What are the prime factors of s?
2, 71
Let f = 454 - 656. Let k = f + 297. List the prime factors of k.
5, 19
Let d(l) = l**2 - 13*l. Let b be d(12). Let a(w) = w**2 + 9*w + 17. List the prime factors of a(b).
53
Suppose 0 = -99*f + 94*f + 120. List the prime factors of (f/(-9))/(-2)*(-285)/(-10).
2, 19
Suppose 5*b + n = 8*b - 43, -2*b = -2*n - 30. Suppose -b + 139 = m. List the prime factors of m.
5
Let b(q) = q**3 - 9*q**2 + 9*q + 2. Let n be b(8). Let v(z) = z**3 - 10*z**2 + 3*z + 7. What are the prime factors of v(n)?
37
Let n(r) = 15*r. Let w be n(2). Let a be w + 1 + 0 + -1. Suppose -3*q + a = -0*q. List the prime factors of q.
2, 5
Let f(h) = -7 + 19*h - 3 + h + 11*h. What are the prime factors of f(7)?
3, 23
Let s be 8/52 + 379/(-13). Let w = 19 + s. List the prime factors of 110/7 + w/(-35).
2
Suppose -4*o = o + 15. Let f be (-1 - -4)*(-258)/(-18). What are the prime factors of 0 + 2 + f - o?
2, 3
Suppose 97 = 4*o - 3*a, 106 = 5*o + 3*a - 22. Suppose -g + 2*g 